?
1
What is the hundreds digit of 65707?
7
What is the hundreds digit of 9483?
4
What is the thousands digit of 2107?
2
What is the thousands digit of 6643?
6
What is the hundreds digit of 634?
6
What is the thousands digit of 5479?
5
What is the tens digit of 2564?
6
What is the ten thousands digit of 10264?
1
What is the units digit of 29487?
7
What is the hundreds digit of 1492?
4
What is the units digit of 3764?
4
What is the thousands digit of 9237?
9
What is the units digit of 35785?
5
What is the hundreds digit of 1156?
1
What is the units digit of 359?
9
What is the thousands digit of 4288?
4
What is the hundreds digit of 5222?
2
What is the thousands digit of 12221?
2
What is the thousands digit of 2449?
2
What is the hundreds digit of 6498?
4
What is the units digit of 14494?
4
What is the thousands digit of 34497?
4
What is the tens digit of 1842?
4
What is the hundreds digit of 494?
4
What is the hundreds digit of 1386?
3
What is the ten thousands digit of 28363?
2
What is the units digit of 9186?
6
What is the ten thousands digit of 32731?
3
What is the thousands digit of 27824?
7
What is the units digit of 727?
7
What is the hundreds digit of 8527?
5
What is the hundreds digit of 24867?
8
What is the tens digit of 670?
7
What is the units digit of 14948?
8
What is the ten thousands digit of 15441?
1
What is the units digit of 1784?
4
What is the tens digit of 2776?
7
What is the units digit of 61076?
6
What is the ten thousands digit of 114697?
1
What is the hundreds digit of 4707?
7
What is the tens digit of 7510?
1
What is the thousands digit of 1437?
1
What is the thousands digit of 155616?
5
What is the hundreds digit of 86223?
2
What is the tens digit of 1226?
2
What is the ten thousands digit of 21985?
2
What is the units digit of 2115?
5
What is the units digit of 739?
9
What is the hundreds digit of 913?
9
What is the units digit of 316?
6
What is the hundreds digit of 3092?
0
What is the hundreds digit of 38739?
7
What is the units digit of 986?
6
What is the units digit of 1548?
8
What is the tens digit of 9197?
9
What is the thousands digit of 6950?
6
What is the thousands digit of 139489?
9
What is the units digit of 282?
2
What is the units digit of 20167?
7
What is the thousands digit of 1547?
1
What is the hundreds digit of 23874?
8
What is the units digit of 4281?
1
What is the thousands digit of 22711?
2
What is the tens digit of 11943?
4
What is the ten thousands digit of 30177?
3
What is the tens digit of 16353?
5
What is the tens digit of 4417?
1
What is the thousands digit of 2585?
2
What is the hundreds digit of 2326?
3
What is the units digit of 2894?
4
What is the thousands digit of 1856?
1
What is the ten thousands digit of 14863?
1
What is the tens digit of 1160?
6
What is the thousands digit of 6104?
6
What is the ten thousands digit of 71083?
7
What is the hundreds digit of 1534?
5
What is the thousands digit of 9088?
9
What is the units digit of 7779?
9
What is the ten thousands digit of 37814?
3
What is the thousands digit of 2733?
2
What is the thousands digit of 140758?
0
What is the hundreds digit of 4226?
2
What is the hundreds digit of 333?
3
What is the ten thousands digit of 19782?
1
What is the units digit of 5340?
0
What is the units digit of 18715?
5
What is the thousands digit of 8348?
8
What is the thousands digit of 27633?
7
What is the hundreds digit of 606?
6
What is the tens digit of 5147?
4
What is the tens digit of 4442?
4
What is the tens digit of 78706?
0
What is the units digit of 19701?
1
What is the tens digit of 7700?
0
What is the units digit of 70195?
5
What is the units digit of 412?
2
What is the tens digit of 4256?
5
What is the ten thousands digit of 78497?
7
What is the tens digit of 57961?
6
What is the tens digit of 135?
3
What is the units digit of 13233?
3
What is the hundreds digit of 1836?
8
What is the units digit of 6304?
4
What is the units digit of 1568?
8
What is the tens digit of 461?
6
What is the tens digit of 2978?
7
What is the units digit of 2253?
3
What is the tens digit of 446?
4
What is the units digit of 4863?
3
What is the units digit of 303?
3
What is the units digit of 11244?
4
What is the units digit of 1723?
3
What is the tens digit of 7733?
3
What is the units digit of 634?
4
What is the units digit of 32236?
6
What is the tens digit of 7551?
5
What is the ten thousands digit of 163506?
6
What is the hundreds digit of 376?
3
What is the hundreds digit of 239?
2
What is the thousands digit of 122612?
2
What is the tens digit of 2005?
0
What is the tens digit of 95?
9
What is the hundreds digit of 796?
7
What is the thousands digit of 1277?
1
What is the tens digit of 423?
2
What is the units digit of 69?
9
What is the tens digit of 5178?
7
What is the hundreds digit of 13677?
6
What is the tens digit of 2506?
0
What is the thousands digit of 81081?
1
What is the units digit of 620?
0
What is the tens digit of 127818?
1
What is the tens digit of 1260?
6
What is the hundreds digit of 9221?
2
What is the tens digit of 7073?
7
What is the tens digit of 550?
5
What is the hundreds digit of 747?
7
What is the tens digit of 940?
4
What is the hundreds digit of 8143?
1
What is the thousands digit of 115134?
5
What is the units digit of 7093?
3
What is the ten thousands digit of 10558?
1
What is the tens digit of 8462?
6
What is the thousands digit of 59626?
9
What is the thousands digit of 48912?
8
What is the tens digit of 7518?
1
What is the tens digit of 14817?
1
What is the hundreds digit of 3003?
0
What is the tens digit of 2968?
6
What is the tens digit of 1986?
8
What is the units digit of 851?
1
What is the units digit of 44945?
5
What is the units digit of 28025?
5
What is the tens digit of 52777?
7
What is the hundreds digit of 1543?
5
What is the hundreds digit of 9756?
7
What is the thousands digit of 47230?
7
What is the units digit of 2300?
0
What is the thousands digit of 22161?
2
What is the hundreds digit of 586?
5
What is the tens digit of 646?
4
What is the hundreds digit of 1337?
3
What is the units digit of 533?
3
What is the thousands digit of 2377?
2
What is the thousands digit of 1172?
1
What is the tens digit of 794?
9
What is the hundreds digit of 315?
3
What is the hundreds digit of 147?
1
What is the tens digit of 8614?
1
What is the hundreds digit of 858?
8
What is the hundreds digit of 2074?
0
What is the tens digit of 942?
4
What is the thousands digit of 1634?
1
What is the tens digit of 2963?
6
What is the units digit of 2247?
7
What is the ten thousands digit of 44596?
4
What is the hundreds digit of 1072?
0
What is the thousands digit of 121089?
1
What is the hundreds digit of 120370?
3
What is the units digit of 1713?
3
What is the hundreds digit of 3862?
8
What is the hundreds digit of 2629?
6
What is the units digit of 457?
7
What is the hundreds digit of 5722?
7
What is the hundreds digit of 18482?
4
What is the thousands digit of 9981?
9
What is the hundreds digit of 1005?
0
What is the thousands digit of 1162?
1
What is the thousands digit of 5039?
5
What is the tens digit of 266?
6
What is the thousands digit of 2930?
2
What is the tens digit of 33343?
4
What is the tens digit of 20766?
6
What is the ten thousands digit of 29702?
2
What is the thousands digit of 86128?
6
What is the tens digit of 3194?
9
What is the tens digit of 837?
3
What is the ten thousands digit of 23884?
2
What is the units digit of 8025?
5
What is the units digit of 562?
2
What is the hundreds digit of 81368?
3
What is the tens digit of 177134?
3
What is the tens digit of 1515?
1
What is the units digit of 937?
7
What is the tens digit of 137825?
2
What is the tens digit of 84?
8
What is the thousands digit of 19210?
9
What is the thousands digit of 1179?
1
What is the hundreds digit of 9143?
1
What is the tens digit of 82490?
9
What is the hundreds digit of 14642?
6
What is the tens digit of 9347?
4
What is the ten thousands digit of 21995?
2
What is the hundreds digit of 1510?
5
What is the units digit of 69542?
2
What is the hundreds digit of 96638?
6
What is the thousands digit of 2699?
2
What is the units digit of 11971?
1
What is the thousands digit of 1279?
1
What is the units digit of 13634?
4
What is the thousands digit of